166. Calculate the remainder when p is divided by h(10).
11
Suppose 3 = 3*s, 3*f - 1030 = -2*s + 538. Suppose 4*b + 2*o = f, -853 + 205 = -5*b - o. What is the remainder when b is divided by 22?
19
Let p be (4/6)/(3/(-9)) - -2. Suppose -4*o + 88 = j, o + p*o - 13 = 2*j. What is the remainder when o is divided by 13?
8
Let h = 7 - 10. Let i = 17 + h. What is the remainder when 25 is divided by i?
11
Let y(k) = k**3 - 5*k**2 - 2*k - 6. Calculate the remainder when -150*(-1 + 68/12 + -5) is divided by y(6).
14
Let f = -25 - -27. Let i = f + 1. What is the remainder when 8 is divided by i?
2
Suppose 5*s = 466 - 71. What is the remainder when 304 is divided by s?
67
Let p(x) = -x**3 + 3*x**2 + 10*x + 2. What is the remainder when 4/(-14) - (-723)/7 is divided by p(-3)?
25
Suppose 2890 = -32*h + 7434. What is the remainder when h is divided by 25?
17
Let b(x) = -x**2 + 3*x + 2. Let i be b(-4). Let k = i + 44. Let m = k + -13. What is the remainder when 18 is divided by m?
3
Let o(g) = -g**2 + g - 1. Let i be o(-3). Let b = -8 - i. Suppose -b*d = -5*f + 85, -2*d = 3*f - 19 - 7. Calculate the remainder when 23 is divided by f.
11
Suppose 39 + 169 = 16*h. Let r be (1 - -3)/((-4)/6). Let q = r - -10. Calculate the remainder when h is divided by q.
1
What is the remainder when 103 is divided by (-2)/(-6 - 5/(255/(-304)))?
1
Suppose w - 168 = -2*s + 3*w, -3*s - 5*w = -268. What is the remainder when s is divided by 13?
8
Let j = -1118 - -1150. What is the remainder when 211 is divided by j?
19
Let m(z) = -z**3 - 3*z**2 - 5*z - 2. Let k be m(-5). Suppose k + 72 = 5*t. What is the remainder when 83 is divided by t?
25
Let h(k) = k**3 + 8*k**2 + 11*k + 2. Let o be h(-6). Suppose 0*t - 4*t = -2*l + o, 5*t - 35 = -5*l. What is the remainder when 14 is divided by l?
2
Let f be 3*((-11)/(-3) + -3). Suppose 4*s = -f*s + 12. Suppose 0 = -s*h + 44 + 24. Calculate the remainder when 99 is divided by h.
31
Suppose -8*w + 656 = 112. What is the remainder when w is divided by 10?
8
Suppose 0*q + q - 4 = 0. Suppose 0 = -q*y + 8 + 8. Suppose -3*g - y*v + 38 = v, 5*v = 20. Calculate the remainder when g is divided by 2.
0
Suppose 0 = -a + 1 + 4. Suppose -12*w = -5*w - 35. Suppose -w*b + 118 = 2*r, -3*b + 88 = a*r - 245. What is the remainder when r is divided by 14?
13
Suppose -807 = -4*z - 123. Let p = 579 - 521. What is the remainder when z is divided by p?
55
Suppose 4*h + 177 = 5*v, 0 = -7*v + 2*v + 3*h + 179. What is the remainder when 368 is divided by v?
35
Suppose -6*d = -2554 - 2378. Calculate the remainder when d is divided by 14.
10
Let u = 1444 + -1433. What is the remainder when 120 is divided by u?
10
Suppose 0 = r + 2 + 2. Let d = r + 8. Suppose -v + 12 = 4*h, -d*v + 0*v + 48 = -2*h. What is the remainder when 46 is divided by v?
10
Suppose 4*t - 6*t = -b + 6, -2*b - 8 = 0. What is the remainder when 23 is divided by (-2)/(-6)*39 + t?
7
Calculate the remainder when (-1 - (-12)/4)/((-26)/(-11843)) is divided by 16.
15
Suppose 10 = 5*x - 3*x. Suppose 428 = 12*l - 64. What is the remainder when l is divided by x?
1
Suppose 7*x = 2*x + 35. Suppose -29*o = -23*o - 234. Calculate the remainder when o is divided by x.
4
Let f be -1 + (56 + -1)/5. Suppose 104 = 18*x - f*x. What is the remainder when x is divided by 9?
4
What is the remainder when 96 is divided by (-513)/(-15) + (-12)/60?
28
Let g be ((2 + -2)/4)/1. Suppose g = -f + 4*f - 111. What is the remainder when 110 is divided by f?
36
Calculate the remainder when 599 - ((-32)/(-12))/(24/54) is divided by 35.
33
Calculate the remainder when 47 is divided by ((-36)/(-6) - 0)*1.
5
Let n(f) = f**3 - f + 33. Calculate the remainder when n(0) is divided by -3 - ((-312)/15 + (-4)/(-5)).
16
Let d = 7 - -14. Let c(z) = -z**3 - 7*z**2 - 4*z. Let u be c(-7). Suppose 4*j = u + 132. Calculate the remainder when j is divided by d.
19
Suppose g + 22 = 3*q, 4*q + 4*g - 45 + 5 = 0. Suppose -4*d + q*d - 120 = 0. Calculate the remainder when 118 is divided by d.
28
Let w = -19 - -25. Let d(u) = 2*u - 2. Let f be d(w). What is the remainder when ((-285)/f - -2)*-4 is divided by 36?
34
Let v = 68 + -95. Let d = -25 - v. Suppose 0 = 3*c + d*z - 23, 0*z + 2*z + 43 = 3*c. Calculate the remainder when 20 is divided by c.
9
Let y be (-5)/(-3)*(-10 - 2). Let i = y - -47. Suppose 5*b - 59*m + 54*m - 45 = 0, 0 = 5*b + 5*m - 55. Calculate the remainder when i is divided by b.
7
Let f be 3*(-4)/12 + 4. Suppose -p = 3*l - 91, -l + 162 = -p + f*p. What is the remainder when p is divided by 27?
25
Let j be ((-2)/6)/((-1523)/(-381) + -4). Suppose 4*v = j + 157. Let a = 1 + 17. What is the remainder when v is divided by a?
17
Let l = 762 + -739. Let t(p) = -p**3 + 4*p**2 + 2*p - 2. Suppose 4*n - 15 = j, 4*j - j = -2*n - 3. What is the remainder when l is divided by t(n)?
10
Let a be (1 - 13)*(84/(-18))/7. Suppose -a = -2*g + 4. Let u = 9 + -5. Calculate the remainder when g is divided by u.
2
Suppose -11*m = -6*m - 220. Let n = m + -37. What is the remainder when 25 is divided by n?
4
Suppose 3*m + 4*h - 93 = 0, 2*h - 134 = -8*m + 4*m. Calculate the remainder when m is divided by 11.
2
Suppose 118 + 1538 = 18*m. What is the remainder when 640 is divided by m?
88
Suppose -1051 = -t - 3*u, 69*u - 74*u = 2*t - 2097. Calculate the remainder when t is divided by 10.
6
Let l(s) = 7*s. Let w(t) = -9*t + 544. Calculate the remainder when w(55) is divided by l(2).
7
Suppose -78 = -4*g - 3*x, -8*g - 4*x - 10 = -9*g. Suppose -4*a = 3*n - 9, a + a - 2*n = 8. Suppose a*o - 6 = 9. What is the remainder when g is divided by o?
3
Let j = -9 + 7. Let l be (11 + j)/(1/1). Suppose 0 = -l*t + 10*t - 15. Calculate the remainder when 44 is divided by t.
14
Let n(m) = m - 8. Let h be n(12). Let j(g) = 4*g - 9. Let s be j(h). Suppose s*l - 2*l - 85 = 0. Calculate the remainder when 33 is divided by l.
16
Calculate the remainder when (750/(-4))/(119/28 - 5) is divided by 54.
34
Suppose -8*l = 433 - 1769. What is the remainder when l is divided by 44?
35
Let z(q) = q**2 - 10*q + 17. Let b be z(8). Let k = 1 + b. Suppose 0 = -3*h + d + 13, 10*h - 5*h - 4*d - 24 = 0. What is the remainder when h is divided by k?
0
Suppose -3*x - 111 = -4*c, -7*c - 4*x = -3*c - 104. Suppose -c*m - 261 = -30*m. Calculate the remainder when m is divided by 22.
21
Let k = -3 + 3. Let q = 6 - k. Calculate the remainder when 15 is divided by q.
3
Let g(z) = z**3 - 7*z**2 - 7*z - 8. Let b be g(8). Suppose b = 3*t - 45. Suppose 2*k - 118 = -0*k. Calculate the remainder when k is divided by t.
14
Suppose 7*r + 6*r = 39. Suppose -3*o + 16 = -0*o - 4*z, 4*o - 5*z = 21. Suppose 0 = r*y - o - 8. What is the remainder when 13 is divided by y?
1
Suppose 2*g - 2*s - 36 = 0, -4*g + 114*s + 72 = 111*s. What is the remainder when 212 is divided by g?
14
Let s(h) = -4*h. Let p be s(-1). Suppose -2*i + p*y + 30 = 0, i - 35 = 4*y - 12. What is the remainder when 32 is divided by i?
4
Let u(j) = 5*j - 18. Let b(q) = -1. Let w(g) = b(g) + u(g). Suppose -10 = -2*h, -v - 4*h - 3 = -37. Calculate the remainder when w(12) is divided by v.
13
Suppose -16*o + 15*o = -37. Suppose o + 7 = 2*p. Suppose z - 12 = -4*n, -z + n + p = 5. Calculate the remainder when 47 is divided by z.
15
Calculate the remainder when 494 is divided by ((-93)/2)/(-8*30/320).
60
Let m = 588 + -525. Calculate the remainder when 120 is divided by m.
57
Let u = -9 - -14. Let x = 18 - u. What is the remainder when 50 is divided by x?
11
Let s(a) = -47*a - 46. Let f be s(-10). Suppose -14*l + f = -458. What is the remainder when l is divided by 22?
19
Let i(a) = 9*a**2 - 4*a - 3. What is the remainder when i(-4) is divided by 27?
22
Suppose -446 = -10*b + 34. What is the remainder when 1389 is divided by b?
45
Suppose 2*i - u = 25, 3*i - 8*i + 46 = 3*u. Let s = 236 - i. Calculate the remainder when s is divided by 19.
16
Let s = 47 + -50. Calculate the remainder when 39 is divided by 4/(-12)*s - -2.
0
Suppose 0 = 312*r - 307*r - 170. Calculate the remainder when r is divided by 5.
4
Let v = -54 - -54. Suppose 25 = -5*c, v*z - 4*z = -4*c - 68. Calculate the remainder when 118 is divided by z.
10
Let a(q) = 90*q + 449. What is the remainder when a(-4) is divided by 9?
8
Let v be (-38)/(-95)*(-1285)/(-2). Let n = -128 + v. Calculate the remainde